 - i - o, 51 = 5*d - 3*i. What is the units digit of d?
2
Suppose 30 = -j - 18. Let h = j + 27. Let s = h - -34. What is the tens digit of s?
1
Let o(c) = c**2 - 14*c - 9. Let u be o(15). Suppose 0 = u*f - f + 3*k - 29, 2*f + k = 11. What is the units digit of f?
4
Let l = -1 + 1. Suppose l = -8*k + 3*k + 15. What is the units digit of 4/6*(0 + k)?
2
Suppose -1 = -f + 3. Suppose -f*r + 0*r = 12. What is the units digit of 0/r + (1 - -5)?
6
Suppose -5*l - 181 = 324. Let d be l/(-5) + 1/(-5). Suppose 4*x = d, -5*x + 23 = a - 3. What is the units digit of a?
1
Let g be (-8)/(-3)*75/(-20). Let s = g - -9. What is the tens digit of (8/s)/(5/(-10))?
1
Suppose 13*a - 223 = 2338. What is the units digit of a?
7
Suppose -3*v + 7*v - 208 = 0. What is the tens digit of v?
5
Let b = 35 - 27. What is the units digit of b?
8
Let m be ((-4)/12)/(1/(-12)). Suppose 0*c = c - m. What is the units digit of c/(-14) - (-16)/7?
2
Suppose 8*t - 3*t = 60. Suppose a + a = t. Let b = -5 + a. What is the units digit of b?
1
Let l(c) = 5*c**3 + 25*c**2 - 14*c + 51. Let j(w) = -w**3 - 5*w**2 + 3*w - 10. Let t(m) = -11*j(m) - 2*l(m). What is the units digit of t(-6)?
2
Suppose -3*j + 44 = -70. What is the tens digit of j?
3
Let o be (-2)/(-7) - 6/21. Suppose o = -3*d + 15, 0*d - 6 = w - 2*d. Suppose -3*m + w*t = -32, 7 = 3*m - 3*t - 29. What is the tens digit of m?
1
Let t(p) be the first derivative of -1/2*p**2 - 1 + p**3 + 0*p. What is the units digit of t(1)?
2
Let h(w) = -w - 6*w - 5 + 2*w + 1. What is the units digit of h(-4)?
6
Let w = -11 - -14. What is the units digit of 0 + (-1)/(w/(-54))?
8
What is the units digit of 5808/80 + (-3)/5?
2
Let h = -22 - -39. Let p = h + -9. Suppose 1 - 2 = z, -4*b + p = -4*z. What is the units digit of b?
1
Suppose -3 - 12 = -3*m. Suppose -2*f + 0*f - 5*a + 75 = 0, f = m*a. What is the tens digit of f?
2
Suppose -24 = -2*r - l + 25, 0 = -l - 3. Let d = 25 - 10. Let o = r - d. What is the units digit of o?
1
Let n = 5 - 9. What is the tens digit of 8/3*(n - -10)?
1
Let t(v) = -v**3 - v**2 - 2*v - 3. What is the tens digit of t(-3)?
2
Let d = -6 + 37. Suppose -5*v = 6*q - q - 95, -4*v - 2*q + 82 = 0. Let j = d - v. What is the units digit of j?
9
Let c = 321 - 159. What is the tens digit of c?
6
Let z(f) = -f**2 + 9*f - 10. Let k be (-1)/(-5) - 68/(-10). Let x be z(k). Suppose -q + 13 = x*o, 0*q = -q - 2*o + 7. What is the units digit of q?
1
Let p = -70 - -109. What is the tens digit of p?
3
Suppose 5*m = 2*m + 12. Let c = m + -4. Suppose -x - 5*z = -7 - 6, c = -4*x - 2*z + 16. What is the units digit of x?
3
Suppose 68 = b - 177. What is the hundreds digit of b?
2
Let q be -2*1/(-3)*30. Let t(o) = o**2 + 7*o + 7. Let y be t(-6). Let f = q + y. What is the units digit of f?
1
Suppose -2*v + 12 = 2*v. Suppose -r + 11 = v. What is the units digit of r?
8
Suppose 160 = -3*i + 451. What is the tens digit of i?
9
Suppose -b + 0*b + 200 = 3*t, 2*t - 105 = 5*b. What is the tens digit of t?
6
Suppose -4*t - 4*q + 121 = q, 0 = -2*t - 4*q + 62. What is the units digit of t?
9
Suppose 3*g = -4*d - 34, 3*d = 3*g - 0*d + 6. Suppose 0*w - 5*t = -5*w - 5, 0 = -5*w - t + 1. What is the units digit of -1*(g - (0 + w))?
6
Suppose 2*y - 5*b = -9, y + b - 29 = -2*y. What is the units digit of y?
8
Let p be (-8)/(-6) + 2/(-6). Let t(q) = 60*q**2 + 2*q - 1. Let u be t(p). Suppose 5*s = 9 + u. What is the tens digit of s?
1
Suppose 3*k - 4*f - 86 = 0, 152 = 4*k - 0*k + 4*f. What is the units digit of k?
4
Let y = -2 - -6. Suppose x - y*x + 24 = 3*o, 3*x - 9 = 2*o. Suppose 3*t + 32 = 4*q + x*t, 0 = 3*q - 3*t - 24. What is the units digit of q?
8
Suppose -5*b + 426 + 239 = 0. What is the hundreds digit of b?
1
What is the units digit of 111 - (13 + -11 + -1 + -1)?
1
Suppose 0*k = -3*k - 51. Let x be (1 - 0 - k) + -2. What is the units digit of 9/4*x/6?
6
Suppose 11*t = 8*t + 126. What is the units digit of t?
2
Let b = -292 - -446. What is the tens digit of b?
5
Let f(v) be the first derivative of v**4/4 - 2*v**3/3 + 3*v**2/2 - 2*v + 2. What is the units digit of f(3)?
6
Let s be 1 + -2*2 + 3. Suppose 0*t - t + 24 = s. What is the units digit of t?
4
Suppose 4 = -4*g + 6*g. Suppose g*b + 2 - 14 = 0. Suppose -3*y = -b, 5*t - 4*y = -y + 54. What is the units digit of t?
2
Let t(s) = 5*s - 1. Let m = 12 + -9. What is the tens digit of t(m)?
1
Suppose -30 = -2*b + 2*p, -5*b + 2*p = -13 - 47. Let d = 14 - b. What is the units digit of d?
4
Let j(k) = 0 - 1 + 4 - k + 1. Let d be j(3). Let z(r) = 9*r - 1. What is the units digit of z(d)?
8
Let p(w) = 56*w - 2. What is the tens digit of p(1)?
5
What is the units digit of -2 + 5/1 + 3 + -3?
3
Suppose 2*a - 546 = -2*q, 6*q + 2*a = 2*q + 1100. What is the units digit of q?
7
Suppose n + d = 10, -3 = -n + 3*d - 9. Suppose -2*l = 0, 4*f + 0*l + 3*l = -16. Let w = n + f. What is the units digit of w?
2
Let g(s) = 2*s**2 + 5*s - 10. Suppose 2*c = -2*r - 18, -3*c - c - 6 = -r. What is the tens digit of g(r)?
3
Let g(b) be the second derivative of b**4/12 + b**3/6 + b**2/2 + 5*b. What is the tens digit of g(5)?
3
Let b = 63 - 38. What is the units digit of b?
5
Suppose 41 = 2*m + 15. Suppose 5*i + m + 23 = 4*r, 5*r + 4*i - 45 = 0. What is the units digit of r?
9
What is the tens digit of (-5)/(-10) + (-87)/(-6)?
1
Let l(f) = 3*f**2 - 8*f + 9. What is the tens digit of l(4)?
2
Let v = -111 + 221. What is the units digit of v?
0
Suppose -2*b - 18 = 5*o - 6*b, 4*o + 4 = -2*b. Let z = 13 + o. What is the tens digit of z?
1
Suppose -2*u + 6*u + 3*t = -23, 1 = -2*u - 5*t. What is the units digit of (u/(-2))/((-2)/(-2))?
4
Let r = -9 - -17. Let a(l) = -l**3 + 9*l**2 - 7*l. What is the units digit of a(r)?
8
Let d(a) = -2*a**2 - 1. Let p be d(1). What is the units digit of (-10)/(-2) + (-1 - p)?
7
Suppose 0 = -4*f + 2*t + 124, 142 = 6*f - f + 4*t. Let r = f + -19. What is the units digit of r?
1
Let s(w) = -15*w - 18. What is the hundreds digit of s(-8)?
1
Suppose j = -5*y + 357, 3*y + 3*j - 77 = 2*y. What is the tens digit of y?
7
Suppose -3*d + 17 = -2*w, 3*w - 11 = -3*d - w. Let j be 1*(5 + (-2)/2). Suppose -j*k - m + 19 = -5, d*k - 30 = m. What is the units digit of k?
6
Let m = 77 - 54. Suppose -5*g + 27 = -m. What is the units digit of 14/g - 4/10?
1
Let l(h) be the third derivative of h**5/60 - h**4/4 - h**3 + 6*h**2. What is the tens digit of l(9)?
2
Let q be 6/42 + (-13)/(-7). Suppose 2*v = l - 18 - q, 0 = -2*l - 3*v + 33. What is the tens digit of l?
1
Let g(u) = -3 + u - 2*u - 3. Let v be g(-6). Suppose y - 1 - 3 = v. What is the units digit of y?
4
Let z = 13 - 8. Let k(h) = 37*h**3 - h**2 + h. Let m be k(1). Suppose 5*g - 2*t = 84, 3*t = z*g - m - 44. What is the units digit of g?
8
Let i(j) = 3*j**3 + j + 2. Let u be i(-2). What is the units digit of (u/(-3 + 1))/2?
6
Let d = -58 - -180. What is the units digit of d?
2
Let y be (-1 + 2 + 0)*-11. Let g = 14 + y. What is the units digit of g?
3
Let j = -5 - -6. Let g be (-1 + j)/(-2 + 0). What is the units digit of (-10)/((g + 1)*-1)?
0
What is the tens digit of (-168)/(-3*(-12)/(-54))?
5
Let a be -16*((-6)/(-4) - 1). Let c be a/(-3)*(-3)/(-2). Suppose -2*j - 8 = -c*j. What is the units digit of j?
4
Let d be -3*3/(-3) - -2. Suppose 5*r - 4*c + 11 = 0, -3*c + d*c = r + 7. What is the units digit of r?
1
Let r be ((-8)/5)/(12/(-30)). Let w(b) = -b + r*b - b. What is the units digit of w(3)?
6
Let x(t) = t**3 - 5*t**2 + 5. Let h be x(5). Suppose -3*c = 4*q + q - 55, h*c + 3*q - 81 = 0. What is the tens digit of c?
1
What is the tens digit of (34 + 3 + 0)*1?
3
Suppose 3*m + x = -15, 5*m - 6 = 3*x - 17. What is the tens digit of 2/m - 58/(-4)?
1
What is the units digit of (-34)/(-51)*(-93)/(-2)?
1
Let l be -2*(3 + -2) + 6. Suppose -d + l*y + 9 = -7, 0 = -3*d + y + 70. Suppose -r - r = -c - d, c = 0. What is the units digit of r?
2
Let s = 96 - 29. What is the units digit of s?
7
Suppose -4*z + 6*g - 2*g = -176, -z + 59 = -4*g. What is the tens digit of z?
3
Suppose 4*a - 3*p - 6 = -p, 4*p = -a + 24. Let x = 26 - -7. Suppose a*r - x = r. What is the tens digit of r?
1
Let n(p) be the third derivative of p**4/24 + p**3 + p**2. Let b = -16 + 11. What is the units digit of n(b)?
1
Let z = -233 - -440. What is the tens digit of z?
0
Suppose 7*w = 2*w + 275. What is the tens 